{"id":5315,"date":"2021-04-13T12:41:54","date_gmt":"2021-04-13T12:41:54","guid":{"rendered":"https:\/\/tbo.ch\/monatstipp\/anpassung-privatanteil-bei-geschaeftsfahrzeugen\/"},"modified":"2024-10-29T15:51:28","modified_gmt":"2024-10-29T15:51:28","slug":"anpassung-privatanteil-bei-geschaeftsfahrzeugen","status":"publish","type":"avada_portfolio","link":"https:\/\/tbo.ch\/en\/monatstipp\/anpassung-privatanteil-bei-geschaeftsfahrzeugen\/","title":{"rendered":"Anpassung Privatanteil bei Gesch\u00e4ftsfahrzeugen"},"content":{"rendered":"<div class=\"fusion-fullwidth fullwidth-box fusion-builder-row-1 fusion-flex-container nonhundred-percent-fullwidth non-hundred-percent-height-scrolling\" style=\"--awb-border-radius-top-left:0px;--awb-border-radius-top-right:0px;--awb-border-radius-bottom-right:0px;--awb-border-radius-bottom-left:0px;--awb-flex-wrap:wrap;\" ><div class=\"fusion-builder-row fusion-row fusion-flex-align-items-flex-start fusion-flex-content-wrap\" style=\"max-width:1310.4px;margin-left: calc(-4% \/ 2 );margin-right: calc(-4% \/ 2 );\"><div class=\"fusion-layout-column fusion_builder_column fusion-builder-column-0 fusion_builder_column_1_1 1_1 fusion-flex-column\" style=\"--awb-bg-size:cover;--awb-width-large:100%;--awb-margin-top-large:0px;--awb-spacing-right-large:1.92%;--awb-margin-bottom-large:0px;--awb-spacing-left-large:1.92%;--awb-width-medium:100%;--awb-spacing-right-medium:1.92%;--awb-spacing-left-medium:1.92%;--awb-width-small:100%;--awb-spacing-right-small:1.92%;--awb-spacing-left-small:1.92%;\"><div class=\"fusion-column-wrapper fusion-flex-justify-content-flex-start fusion-content-layout-column\"><div class=\"fusion-text fusion-text-1\" style=\"--awb-text-transform:none;\"><p>Das Eidgen\u00f6ssische Finanzdepartement setzt die \u00c4nderung der Berufskostenverordnung per 1. Januar 2022 in Kraft.<\/p>\n<p>Die bisherige Pauschale zur Abgeltung der privaten Nutzung des Gesch\u00e4ftsfahrzeugs wird von 0.8 Prozent pro Monat auf 0.9 Prozent pro Monat des Fahrzeugkaufpreises erh\u00f6ht. In der h\u00f6heren Pauschale sind die Arbeitswegkosten mit eingerechnet wodurch die Einkommensaufrechnung der Fahrkosten zum Arbeitsort von 70 Rappen pro Kilometer (ohne Aussendienstanteil) in der Steuererkl\u00e4rung entf\u00e4llt. Die Arbeitgeber werden zudem von der Pflicht befreit, den Aussendienstanteil auf dem Lohnausweis zu deklarieren. Diese Neuregelung gilt ab 1. Januar 2022 f\u00fcr die Direkte Bundessteuer. Ob die Kantone diese Anpassung \u00fcbernehmen werden, ist noch offen. Im Sinne einer Vereinfachung w\u00e4re dies zu begr\u00fcssen.<\/p>\n<p>F\u00fcr Fragen zu diesem oder anderen Themen stehen Ihnen unsere Mitarbeitenden gerne zur Verf\u00fcgung.<\/p>\n<\/div><\/div><\/div><\/div><\/div>\n","protected":false},"excerpt":{"rendered":"","protected":false},"author":1,"featured_media":4325,"menu_order":0,"comment_status":"open","ping_status":"closed","template":"","format":"standard","meta":{"_acf_changed":false,"footnotes":""},"portfolio_category":[31],"portfolio_skills":[],"portfolio_tags":[],"class_list":["post-5315","avada_portfolio","type-avada_portfolio","status-publish","format-standard","has-post-thumbnail","hentry","portfolio_category-monatstipp-en"],"acf":{"Expert":"Michael Huber, <br\/>Treuh\u00e4nder mit eidg. Fachausweis","verlinkung":"https:\/\/tbo.ch\/monatstipp\/anpassung-privatanteil-bei-geschaeftsfahrzeugen\/","content":""},"yoast_head":"<!-- This site is optimized with the Yoast SEO plugin v27.4 - https:\/\/yoast.com\/product\/yoast-seo-wordpress\/ -->\n<title>Anpassung Privatanteil bei Gesch\u00e4ftsfahrzeugen - TBO | Willkommen bei den Experten f\u00fcr Treuhand und Revision<\/title>\n<meta name=\"robots\" content=\"noindex, follow\" \/>\n<meta property=\"og:locale\" content=\"en_US\" \/>\n<meta property=\"og:type\" content=\"article\" \/>\n<meta property=\"og:title\" content=\"Anpassung Privatanteil bei Gesch\u00e4ftsfahrzeugen - TBO | Willkommen bei den Experten f\u00fcr Treuhand und Revision\" \/>\n<meta property=\"og:url\" content=\"https:\/\/tbo.ch\/en\/monatstipp\/anpassung-privatanteil-bei-geschaeftsfahrzeugen\/\" \/>\n<meta property=\"og:site_name\" content=\"TBO | Willkommen bei den Experten f\u00fcr Treuhand und Revision\" \/>\n<meta property=\"article:modified_time\" content=\"2024-10-29T15:51:28+00:00\" \/>\n<meta property=\"og:image\" content=\"https:\/\/tbo.ch\/wp-content\/uploads\/2023\/03\/Huber-Michael-scaled.jpg\" \/>\n\t<meta property=\"og:image:width\" content=\"2560\" \/>\n\t<meta property=\"og:image:height\" content=\"2560\" \/>\n\t<meta property=\"og:image:type\" content=\"image\/jpeg\" \/>\n<meta name=\"twitter:card\" content=\"summary_large_image\" \/>\n<meta name=\"twitter:label1\" content=\"Est. reading time\" \/>\n\t<meta name=\"twitter:data1\" content=\"2 minutes\" \/>\n<script type=\"application\/ld+json\" class=\"yoast-schema-graph\">{\"@context\":\"https:\\\/\\\/schema.org\",\"@graph\":[{\"@type\":\"WebPage\",\"@id\":\"https:\\\/\\\/tbo.ch\\\/en\\\/monatstipp\\\/anpassung-privatanteil-bei-geschaeftsfahrzeugen\\\/\",\"url\":\"https:\\\/\\\/tbo.ch\\\/en\\\/monatstipp\\\/anpassung-privatanteil-bei-geschaeftsfahrzeugen\\\/\",\"name\":\"Anpassung Privatanteil bei Gesch\u00e4ftsfahrzeugen - TBO | Willkommen bei den Experten f\u00fcr Treuhand und Revision\",\"isPartOf\":{\"@id\":\"https:\\\/\\\/tbo.ch\\\/#website\"},\"primaryImageOfPage\":{\"@id\":\"https:\\\/\\\/tbo.ch\\\/en\\\/monatstipp\\\/anpassung-privatanteil-bei-geschaeftsfahrzeugen\\\/#primaryimage\"},\"image\":{\"@id\":\"https:\\\/\\\/tbo.ch\\\/en\\\/monatstipp\\\/anpassung-privatanteil-bei-geschaeftsfahrzeugen\\\/#primaryimage\"},\"thumbnailUrl\":\"https:\\\/\\\/tbo.ch\\\/wp-content\\\/uploads\\\/2023\\\/03\\\/Huber-Michael-scaled.jpg\",\"datePublished\":\"2021-04-13T12:41:54+00:00\",\"dateModified\":\"2024-10-29T15:51:28+00:00\",\"breadcrumb\":{\"@id\":\"https:\\\/\\\/tbo.ch\\\/en\\\/monatstipp\\\/anpassung-privatanteil-bei-geschaeftsfahrzeugen\\\/#breadcrumb\"},\"inLanguage\":\"en-US\",\"potentialAction\":[{\"@type\":\"ReadAction\",\"target\":[\"https:\\\/\\\/tbo.ch\\\/en\\\/monatstipp\\\/anpassung-privatanteil-bei-geschaeftsfahrzeugen\\\/\"]}]},{\"@type\":\"ImageObject\",\"inLanguage\":\"en-US\",\"@id\":\"https:\\\/\\\/tbo.ch\\\/en\\\/monatstipp\\\/anpassung-privatanteil-bei-geschaeftsfahrzeugen\\\/#primaryimage\",\"url\":\"https:\\\/\\\/tbo.ch\\\/wp-content\\\/uploads\\\/2023\\\/03\\\/Huber-Michael-scaled.jpg\",\"contentUrl\":\"https:\\\/\\\/tbo.ch\\\/wp-content\\\/uploads\\\/2023\\\/03\\\/Huber-Michael-scaled.jpg\",\"width\":2560,\"height\":2560},{\"@type\":\"BreadcrumbList\",\"@id\":\"https:\\\/\\\/tbo.ch\\\/en\\\/monatstipp\\\/anpassung-privatanteil-bei-geschaeftsfahrzeugen\\\/#breadcrumb\",\"itemListElement\":[{\"@type\":\"ListItem\",\"position\":1,\"name\":\"Startseite\",\"item\":\"https:\\\/\\\/tbo.ch\\\/en\\\/\"},{\"@type\":\"ListItem\",\"position\":2,\"name\":\"Monatstipp\",\"item\":\"https:\\\/\\\/tbo.ch\\\/monatstipp\\\/\"},{\"@type\":\"ListItem\",\"position\":3,\"name\":\"Anpassung Privatanteil bei Gesch\u00e4ftsfahrzeugen\"}]},{\"@type\":\"WebSite\",\"@id\":\"https:\\\/\\\/tbo.ch\\\/#website\",\"url\":\"https:\\\/\\\/tbo.ch\\\/\",\"name\":\"TBO | Willkommen bei den Experten f\u00fcr Treuhand und Revision\",\"description\":\"Ihr Experte f\u00fcr Treuhand und Revision\",\"potentialAction\":[{\"@type\":\"SearchAction\",\"target\":{\"@type\":\"EntryPoint\",\"urlTemplate\":\"https:\\\/\\\/tbo.ch\\\/?s={search_term_string}\"},\"query-input\":{\"@type\":\"PropertyValueSpecification\",\"valueRequired\":true,\"valueName\":\"search_term_string\"}}],\"inLanguage\":\"en-US\"}]}<\/script>\n<!-- \/ Yoast SEO plugin. -->","yoast_head_json":{"title":"Anpassung Privatanteil bei Gesch\u00e4ftsfahrzeugen - TBO | Willkommen bei den Experten f\u00fcr Treuhand und Revision","robots":{"index":"noindex","follow":"follow"},"og_locale":"en_US","og_type":"article","og_title":"Anpassung Privatanteil bei Gesch\u00e4ftsfahrzeugen - TBO | Willkommen bei den Experten f\u00fcr Treuhand und Revision","og_url":"https:\/\/tbo.ch\/en\/monatstipp\/anpassung-privatanteil-bei-geschaeftsfahrzeugen\/","og_site_name":"TBO | Willkommen bei den Experten f\u00fcr Treuhand und Revision","article_modified_time":"2024-10-29T15:51:28+00:00","og_image":[{"width":2560,"height":2560,"url":"https:\/\/tbo.ch\/wp-content\/uploads\/2023\/03\/Huber-Michael-scaled.jpg","type":"image\/jpeg"}],"twitter_card":"summary_large_image","twitter_misc":{"Est. reading time":"2 minutes"},"schema":{"@context":"https:\/\/schema.org","@graph":[{"@type":"WebPage","@id":"https:\/\/tbo.ch\/en\/monatstipp\/anpassung-privatanteil-bei-geschaeftsfahrzeugen\/","url":"https:\/\/tbo.ch\/en\/monatstipp\/anpassung-privatanteil-bei-geschaeftsfahrzeugen\/","name":"Anpassung Privatanteil bei Gesch\u00e4ftsfahrzeugen - TBO | Willkommen bei den Experten f\u00fcr Treuhand und Revision","isPartOf":{"@id":"https:\/\/tbo.ch\/#website"},"primaryImageOfPage":{"@id":"https:\/\/tbo.ch\/en\/monatstipp\/anpassung-privatanteil-bei-geschaeftsfahrzeugen\/#primaryimage"},"image":{"@id":"https:\/\/tbo.ch\/en\/monatstipp\/anpassung-privatanteil-bei-geschaeftsfahrzeugen\/#primaryimage"},"thumbnailUrl":"https:\/\/tbo.ch\/wp-content\/uploads\/2023\/03\/Huber-Michael-scaled.jpg","datePublished":"2021-04-13T12:41:54+00:00","dateModified":"2024-10-29T15:51:28+00:00","breadcrumb":{"@id":"https:\/\/tbo.ch\/en\/monatstipp\/anpassung-privatanteil-bei-geschaeftsfahrzeugen\/#breadcrumb"},"inLanguage":"en-US","potentialAction":[{"@type":"ReadAction","target":["https:\/\/tbo.ch\/en\/monatstipp\/anpassung-privatanteil-bei-geschaeftsfahrzeugen\/"]}]},{"@type":"ImageObject","inLanguage":"en-US","@id":"https:\/\/tbo.ch\/en\/monatstipp\/anpassung-privatanteil-bei-geschaeftsfahrzeugen\/#primaryimage","url":"https:\/\/tbo.ch\/wp-content\/uploads\/2023\/03\/Huber-Michael-scaled.jpg","contentUrl":"https:\/\/tbo.ch\/wp-content\/uploads\/2023\/03\/Huber-Michael-scaled.jpg","width":2560,"height":2560},{"@type":"BreadcrumbList","@id":"https:\/\/tbo.ch\/en\/monatstipp\/anpassung-privatanteil-bei-geschaeftsfahrzeugen\/#breadcrumb","itemListElement":[{"@type":"ListItem","position":1,"name":"Startseite","item":"https:\/\/tbo.ch\/en\/"},{"@type":"ListItem","position":2,"name":"Monatstipp","item":"https:\/\/tbo.ch\/monatstipp\/"},{"@type":"ListItem","position":3,"name":"Anpassung Privatanteil bei Gesch\u00e4ftsfahrzeugen"}]},{"@type":"WebSite","@id":"https:\/\/tbo.ch\/#website","url":"https:\/\/tbo.ch\/","name":"TBO | Willkommen bei den Experten f\u00fcr Treuhand und Revision","description":"Ihr Experte f\u00fcr Treuhand und Revision","potentialAction":[{"@type":"SearchAction","target":{"@type":"EntryPoint","urlTemplate":"https:\/\/tbo.ch\/?s={search_term_string}"},"query-input":{"@type":"PropertyValueSpecification","valueRequired":true,"valueName":"search_term_string"}}],"inLanguage":"en-US"}]}},"_links":{"self":[{"href":"https:\/\/tbo.ch\/en\/wp-json\/wp\/v2\/avada_portfolio\/5315","targetHints":{"allow":["GET"]}}],"collection":[{"href":"https:\/\/tbo.ch\/en\/wp-json\/wp\/v2\/avada_portfolio"}],"about":[{"href":"https:\/\/tbo.ch\/en\/wp-json\/wp\/v2\/types\/avada_portfolio"}],"author":[{"embeddable":true,"href":"https:\/\/tbo.ch\/en\/wp-json\/wp\/v2\/users\/1"}],"replies":[{"embeddable":true,"href":"https:\/\/tbo.ch\/en\/wp-json\/wp\/v2\/comments?post=5315"}],"version-history":[{"count":2,"href":"https:\/\/tbo.ch\/en\/wp-json\/wp\/v2\/avada_portfolio\/5315\/revisions"}],"predecessor-version":[{"id":6628,"href":"https:\/\/tbo.ch\/en\/wp-json\/wp\/v2\/avada_portfolio\/5315\/revisions\/6628"}],"wp:featuredmedia":[{"embeddable":true,"href":"https:\/\/tbo.ch\/en\/wp-json\/wp\/v2\/media\/4325"}],"wp:attachment":[{"href":"https:\/\/tbo.ch\/en\/wp-json\/wp\/v2\/media?parent=5315"}],"wp:term":[{"taxonomy":"portfolio_category","embeddable":true,"href":"https:\/\/tbo.ch\/en\/wp-json\/wp\/v2\/portfolio_category?post=5315"},{"taxonomy":"portfolio_skills","embeddable":true,"href":"https:\/\/tbo.ch\/en\/wp-json\/wp\/v2\/portfolio_skills?post=5315"},{"taxonomy":"portfolio_tags","embeddable":true,"href":"https:\/\/tbo.ch\/en\/wp-json\/wp\/v2\/portfolio_tags?post=5315"}],"curies":[{"name":"wp","href":"https:\/\/api.w.org\/{rel}","templated":true}]}}

Anpassung Privatanteil bei Geschäftsfahrzeugen

<div class="fusion-fullwidth fullwidth-box fusion-builder-row-1 fusion-flex-container nonhundred-percent-fullwidth non-hundred-percent-height-scrolling" style="--awb-border-radius-top-left:0px;--awb-border-radius-top-right:0px;--awb-border-radius-bottom-right:0px;--awb-border-radius-bottom-left:0px;--awb-flex-wrap:wrap;" ><div class="fusion-builder-row fusion-row fusion-flex-align-items-flex-start fusion-flex-content-wrap" style="max-width:1310.4px;margin-left: calc(-4% / 2 );margin-right: calc(-4% / 2 );"><div class="fusion-layout-column fusion_builder_column fusion-builder-column-0 fusion_builder_column_1_1 1_1 fusion-flex-column" style="--awb-bg-size:cover;--awb-width-large:100%;--awb-margin-top-large:0px;--awb-spacing-right-large:1.92%;--awb-margin-bottom-large:0px;--awb-spacing-left-large:1.92%;--awb-width-medium:100%;--awb-spacing-right-medium:1.92%;--awb-spacing-left-medium:1.92%;--awb-width-small:100%;--awb-spacing-right-small:1.92%;--awb-spacing-left-small:1.92%;"><div class="fusion-column-wrapper fusion-flex-justify-content-flex-start fusion-content-layout-column"><div class="fusion-text fusion-text-1" style="--awb-text-transform:none;"><p>Das Eidgenössische Finanzdepartement setzt die Änderung der Berufskostenverordnung per 1. Januar 2022 in Kraft.</p>
<p>Die bisherige Pauschale zur Abgeltung der privaten Nutzung des Geschäftsfahrzeugs wird von 0.8 Prozent pro Monat auf 0.9 Prozent pro Monat des Fahrzeugkaufpreises erhöht. In der höheren Pauschale sind die Arbeitswegkosten mit eingerechnet wodurch die Einkommensaufrechnung der Fahrkosten zum Arbeitsort von 70 Rappen pro Kilometer (ohne Aussendienstanteil) in der Steuererklärung entfällt. Die Arbeitgeber werden zudem von der Pflicht befreit, den Aussendienstanteil auf dem Lohnausweis zu deklarieren. Diese Neuregelung gilt ab 1. Januar 2022 für die Direkte Bundessteuer. Ob die Kantone diese Anpassung übernehmen werden, ist noch offen. Im Sinne einer Vereinfachung wäre dies zu begrüssen.</p>
<p>Für Fragen zu diesem oder anderen Themen stehen Ihnen unsere Mitarbeitenden gerne zur Verfügung.</p>
</div></div></div></div></div>

Michael Huber, <br/>Treuhänder mit eidg. Fachausweis

<!-- This site is optimized with the Yoast SEO plugin v27.4 - https://yoast.com/product/yoast-seo-wordpress/ -->
<title>Anpassung Privatanteil bei Geschäftsfahrzeugen - TBO | Willkommen bei den Experten für Treuhand und Revision</title>
<meta name="robots" content="noindex, follow" />
<meta property="og:locale" content="en_US" />
<meta property="og:type" content="article" />
<meta property="og:title" content="Anpassung Privatanteil bei Geschäftsfahrzeugen - TBO | Willkommen bei den Experten für Treuhand und Revision" />
<meta property="og:url" content="https://tbo.ch/en/monatstipp/anpassung-privatanteil-bei-geschaeftsfahrzeugen/" />
<meta property="og:site_name" content="TBO | Willkommen bei den Experten für Treuhand und Revision" />
<meta property="article:modified_time" content="2024-10-29T15:51:28+00:00" />
<meta property="og:image" content="https://tbo.ch/wp-content/uploads/2023/03/Huber-Michael-scaled.jpg" />
	<meta property="og:image:width" content="2560" />
	<meta property="og:image:height" content="2560" />
	<meta property="og:image:type" content="image/jpeg" />
<meta name="twitter:card" content="summary_large_image" />
<meta name="twitter:label1" content="Est. reading time" />
	<meta name="twitter:data1" content="2 minutes" />
<script type="application/ld+json" class="yoast-schema-graph">{"@context":"https:\/\/schema.org","@graph":[{"@type":"WebPage","@id":"https:\/\/tbo.ch\/en\/monatstipp\/anpassung-privatanteil-bei-geschaeftsfahrzeugen\/","url":"https:\/\/tbo.ch\/en\/monatstipp\/anpassung-privatanteil-bei-geschaeftsfahrzeugen\/","name":"Anpassung Privatanteil bei Geschäftsfahrzeugen - TBO | Willkommen bei den Experten für Treuhand und Revision","isPartOf":{"@id":"https:\/\/tbo.ch\/#website"},"primaryImageOfPage":{"@id":"https:\/\/tbo.ch\/en\/monatstipp\/anpassung-privatanteil-bei-geschaeftsfahrzeugen\/#primaryimage"},"image":{"@id":"https:\/\/tbo.ch\/en\/monatstipp\/anpassung-privatanteil-bei-geschaeftsfahrzeugen\/#primaryimage"},"thumbnailUrl":"https:\/\/tbo.ch\/wp-content\/uploads\/2023\/03\/Huber-Michael-scaled.jpg","datePublished":"2021-04-13T12:41:54+00:00","dateModified":"2024-10-29T15:51:28+00:00","breadcrumb":{"@id":"https:\/\/tbo.ch\/en\/monatstipp\/anpassung-privatanteil-bei-geschaeftsfahrzeugen\/#breadcrumb"},"inLanguage":"en-US","potentialAction":[{"@type":"ReadAction","target":["https:\/\/tbo.ch\/en\/monatstipp\/anpassung-privatanteil-bei-geschaeftsfahrzeugen\/"]}]},{"@type":"ImageObject","inLanguage":"en-US","@id":"https:\/\/tbo.ch\/en\/monatstipp\/anpassung-privatanteil-bei-geschaeftsfahrzeugen\/#primaryimage","url":"https:\/\/tbo.ch\/wp-content\/uploads\/2023\/03\/Huber-Michael-scaled.jpg","contentUrl":"https:\/\/tbo.ch\/wp-content\/uploads\/2023\/03\/Huber-Michael-scaled.jpg","width":2560,"height":2560},{"@type":"BreadcrumbList","@id":"https:\/\/tbo.ch\/en\/monatstipp\/anpassung-privatanteil-bei-geschaeftsfahrzeugen\/#breadcrumb","itemListElement":[{"@type":"ListItem","position":1,"name":"Startseite","item":"https:\/\/tbo.ch\/en\/"},{"@type":"ListItem","position":2,"name":"Monatstipp","item":"https:\/\/tbo.ch\/monatstipp\/"},{"@type":"ListItem","position":3,"name":"Anpassung Privatanteil bei Geschäftsfahrzeugen"}]},{"@type":"WebSite","@id":"https:\/\/tbo.ch\/#website","url":"https:\/\/tbo.ch\/","name":"TBO | Willkommen bei den Experten für Treuhand und Revision","description":"Ihr Experte für Treuhand und Revision","potentialAction":[{"@type":"SearchAction","target":{"@type":"EntryPoint","urlTemplate":"https:\/\/tbo.ch\/?s={search_term_string}"},"query-input":{"@type":"PropertyValueSpecification","valueRequired":true,"valueName":"search_term_string"}}],"inLanguage":"en-US"}]}</script>
<!-- / Yoast SEO plugin. -->

Anpassung Privatanteil bei Geschäftsfahrzeugen - TBO | Willkommen bei den Experten für Treuhand und Revision

TBO | Willkommen bei den Experten für Treuhand und Revision

Ihr Experte für Treuhand und Revision
